{"id":605,"date":"2018-10-10T13:42:31","date_gmt":"2018-10-10T11:42:31","guid":{"rendered":"http:\/\/dieselengine.de\/wtzneu\/gasmotorenkonferenz\/?page_id=605"},"modified":"2019-02-11T15:08:51","modified_gmt":"2019-02-11T14:08:51","slug":"stadt-dessau-rosslau","status":"publish","type":"page","link":"https:\/\/www.wtz.de\/gasmotorenkonferenz\/stadt-dessau-rosslau\/","title":{"rendered":"Stadt Dessau-Rosslau"},"content":{"rendered":"<div class=\"wpb-content-wrapper\"><p>[vc_row full_width=&#8220;stretch_row&#8220; el_class=&#8220;wtz-responsive-indent wtz_row_indent_top&#8211;responsive&#8220;][vc_column][vc_column_text el_class=&#8220;wtz_title wtz_head&#8220;]<\/p>\n<h1 style=\"text-align: left;\"><a href=\"https:\/\/www.dessau-rosslau.de\/landingpage\/\">STADT <strong>DESSAU RO\u00dfLAU<\/strong><\/a><\/h1>\n<p>[\/vc_column_text][vc_column_text el_class=&#8220;wtz-content&#8220;]<\/p>\n<p class=\"csc-firstHeader\" style=\"text-align: left;\"><strong>Bauhaus-Jubil\u00e4um 2019 in Dessau<\/strong><\/p>\n<p>[\/vc_column_text][vc_column_text el_class=&#8220;wtz-content&#8220;]Im Jahr 2019 feiert das Bauhaus 100-j\u00e4hriges Jubil\u00e4um. Erleben Sie in Dessau die industrielle Moderne der 1920er.<\/p>\n<p>Dessau-Ro\u00dflau ist eines der drei Oberzentren Sachsen-Anhalts und Wirtschafts- und Dienstleistungsmittelpunkt einer einzigartigen und identit\u00e4tspr\u00e4genden Impulsregion.<\/p>\n<p>Diese ist nicht nur der Ausgangspunkt der Reformationsbewegung um Martin Luther und Wirkungsst\u00e4tte von Hugo Junkers, der hier das erste Ganzmetallflugzeug und weitere bahnbrechende Erfindungen entwickelte, sondern ein gewachsenes Wirtschaftsareal mit ausgepr\u00e4gten Leit- und Zukunftsbranchen \u2013 vom klassischen Metallbau bis zur modernen biopharmazeutischen Produktion.[\/vc_column_text][vc_column_text el_class=&#8220;wtz-content&#8220;]<\/p>\n<p style=\"text-align: left;\">Unter dem Motto \u201eFaszination Wandel\u201c wird Dessau-Ro\u00dflau positive Wirtschaftsentwicklung und zukunftstr\u00e4chtige Innovationen mit kreativen Stadtgestaltungsprozessen verbinden, die von der Bauhausstadt aus erneut die Welt ver\u00e4ndern werden.<\/p>\n<div class=\"wpb_text_column wpb_content_element \">\n<div class=\"wpb_wrapper\">\n<p>Bild und Text genehmigt von der<br \/>\n<strong>Stadt Dessau-Ro\u00dflau<\/strong><br \/>\nAmt f\u00fcr Wirtschaftsf\u00f6rderung,<br \/>\nTourismus und Marketing<br \/>\nZerbster Stra\u00dfe 4<br \/>\n06844 Dessau-Ro\u00dflau<\/p>\n<p><span class=\"phone\">+49 340 204 20 80<\/span><br \/>\n<span class=\"fax\">+49 340 204 29 80<\/span><br \/>\n<a class=\"mail\" href=\"javascript:secureDecryptAndNavigate('i9zh\/sg7N6fBLAVXHL83jNJooa0JWbP+lQR6Qwhaa+r31IQzutZLAQ1SVXonjay1VMHat16XtHuFDPoj0Ugq3CFaLcSAjdW8iElvyp4CtHJv5oRdG1MCPBXS\/1Dr1g==', '74be859c6f4b44d6bcf33f5e08965d298bddf05df18476256248702bf1afe28d')\">wi&#114;&#116;s&#99;h&#97;&#102;t&#115;f&#111;erd&#101;&#114;u&#110;&#103;&#64;&#100;&#101;&#115;&#115;&#97;u-rossl&#97;&#117;&#46;d&#101;<\/a><\/p>\n<\/div>\n<\/div>\n<p>[\/vc_column_text][vc_single_image image=&#8220;1468&#8243; img_size=&#8220;large&#8220; el_class=&#8220;wtz-responsive-indent-bottom&#8220;][vc_empty_space height=&#8220;40px&#8220; el_class=&#8220;wtz-responsive-hide-mobile wtz-responsive-hide-tablet-large&#8220;][\/vc_column][\/vc_row]<\/p>\n<\/div>","protected":false},"excerpt":{"rendered":"[vc_row full_width=&#8220;stretch_row&#8220; el_class=&#8220;wtz-responsive-indent wtz_row_indent_top&#8211;responsive&#8220;][vc_column][vc_column_text el_class=&#8220;wtz_title wtz_head&#8220;] STADT DESSAU RO\u00dfLAU [\/vc_column_text][vc_column_text el_class=&#8220;wtz-content&#8220;] Bauhaus-Jubil\u00e4um 2019 in Dessau [\/vc_column_text][vc_column_text el_class=&#8220;wtz-content&#8220;]Im Jahr 2019 feiert das Bauhaus 100-j\u00e4hriges Jubil\u00e4um. Erleben Sie in Dessau die industrielle Moderne der 1920er. Dessau-Ro\u00dflau ist eines der drei Oberzentren Sachsen-Anhalts und Wirtschafts- und Dienstleistungsmittelpunkt einer einzigartigen und identit\u00e4tspr\u00e4genden Impulsregion. Diese ist nicht nur der Ausgangspunkt&#8230; <a class=\"view-article\" href=\"https:\/\/www.wtz.de\/gasmotorenkonferenz\/stadt-dessau-rosslau\/\">Artikel ansehen<\/a>","protected":false},"author":10,"featured_media":0,"parent":0,"menu_order":0,"comment_status":"closed","ping_status":"closed","template":"","meta":{"_acf_changed":false,"footnotes":""},"class_list":["post-605","page","type-page","status-publish","hentry"],"yoast_head":"<!-- This site is optimized with the Yoast SEO plugin v27.3 - https:\/\/yoast.com\/product\/yoast-seo-wordpress\/ -->\n<title>Stadt Dessau-Rosslau - WTZ Gasmotorenkonferenz<\/title>\n<meta name=\"robots\" content=\"index, follow, max-snippet:-1, max-image-preview:large, max-video-preview:-1\" \/>\n<link rel=\"canonical\" href=\"https:\/\/www.wtz.de\/gasmotorenkonferenz\/stadt-dessau-rosslau\/\" \/>\n<meta property=\"og:locale\" content=\"de_DE\" \/>\n<meta property=\"og:type\" content=\"article\" \/>\n<meta property=\"og:title\" content=\"Stadt Dessau-Rosslau - WTZ Gasmotorenkonferenz\" \/>\n<meta property=\"og:description\" content=\"[vc_row full_width=&#8220;stretch_row&#8220; el_class=&#8220;wtz-responsive-indent wtz_row_indent_top&#8211;responsive&#8220;][vc_column][vc_column_text el_class=&#8220;wtz_title wtz_head&#8220;] STADT DESSAU RO\u00dfLAU [\/vc_column_text][vc_column_text el_class=&#8220;wtz-content&#8220;] Bauhaus-Jubil\u00e4um 2019 in Dessau [\/vc_column_text][vc_column_text el_class=&#8220;wtz-content&#8220;]Im Jahr 2019 feiert das Bauhaus 100-j\u00e4hriges Jubil\u00e4um. Erleben Sie in Dessau die industrielle Moderne der 1920er. Dessau-Ro\u00dflau ist eines der drei Oberzentren Sachsen-Anhalts und Wirtschafts- und Dienstleistungsmittelpunkt einer einzigartigen und identit\u00e4tspr\u00e4genden Impulsregion. Diese ist nicht nur der Ausgangspunkt... Artikel ansehen\" \/>\n<meta property=\"og:url\" content=\"https:\/\/www.wtz.de\/gasmotorenkonferenz\/stadt-dessau-rosslau\/\" \/>\n<meta property=\"og:site_name\" content=\"WTZ Gasmotorenkonferenz\" \/>\n<meta property=\"article:modified_time\" content=\"2019-02-11T14:08:51+00:00\" \/>\n<meta name=\"twitter:card\" content=\"summary_large_image\" \/>\n<meta name=\"twitter:label1\" content=\"Gesch\u00e4tzte Lesezeit\" \/>\n\t<meta name=\"twitter:data1\" content=\"1\u00a0Minute\" \/>\n<script type=\"application\/ld+json\" class=\"yoast-schema-graph\">{\"@context\":\"https:\\\/\\\/schema.org\",\"@graph\":[{\"@type\":\"WebPage\",\"@id\":\"https:\\\/\\\/www.wtz.de\\\/gasmotorenkonferenz\\\/stadt-dessau-rosslau\\\/\",\"url\":\"https:\\\/\\\/www.wtz.de\\\/gasmotorenkonferenz\\\/stadt-dessau-rosslau\\\/\",\"name\":\"Stadt Dessau-Rosslau - WTZ Gasmotorenkonferenz\",\"isPartOf\":{\"@id\":\"https:\\\/\\\/www.wtz.de\\\/gasmotorenkonferenz\\\/en\\\/#website\"},\"datePublished\":\"2018-10-10T11:42:31+00:00\",\"dateModified\":\"2019-02-11T14:08:51+00:00\",\"breadcrumb\":{\"@id\":\"https:\\\/\\\/www.wtz.de\\\/gasmotorenkonferenz\\\/stadt-dessau-rosslau\\\/#breadcrumb\"},\"inLanguage\":\"de\",\"potentialAction\":[{\"@type\":\"ReadAction\",\"target\":[\"https:\\\/\\\/www.wtz.de\\\/gasmotorenkonferenz\\\/stadt-dessau-rosslau\\\/\"]}]},{\"@type\":\"BreadcrumbList\",\"@id\":\"https:\\\/\\\/www.wtz.de\\\/gasmotorenkonferenz\\\/stadt-dessau-rosslau\\\/#breadcrumb\",\"itemListElement\":[{\"@type\":\"ListItem\",\"position\":1,\"name\":\"Startseite\",\"item\":\"https:\\\/\\\/www.wtz.de\\\/gasmotorenkonferenz\\\/\"},{\"@type\":\"ListItem\",\"position\":2,\"name\":\"Stadt Dessau-Rosslau\"}]},{\"@type\":\"WebSite\",\"@id\":\"https:\\\/\\\/www.wtz.de\\\/gasmotorenkonferenz\\\/en\\\/#website\",\"url\":\"https:\\\/\\\/www.wtz.de\\\/gasmotorenkonferenz\\\/en\\\/\",\"name\":\"WTZ Gasmotorenkonferenz\",\"description\":\"Innovative Science and Research\",\"potentialAction\":[{\"@type\":\"SearchAction\",\"target\":{\"@type\":\"EntryPoint\",\"urlTemplate\":\"https:\\\/\\\/www.wtz.de\\\/gasmotorenkonferenz\\\/en\\\/?s={search_term_string}\"},\"query-input\":{\"@type\":\"PropertyValueSpecification\",\"valueRequired\":true,\"valueName\":\"search_term_string\"}}],\"inLanguage\":\"de\"}]}<\/script>\n<!-- \/ Yoast SEO plugin. -->","yoast_head_json":{"title":"Stadt Dessau-Rosslau - WTZ Gasmotorenkonferenz","robots":{"index":"index","follow":"follow","max-snippet":"max-snippet:-1","max-image-preview":"max-image-preview:large","max-video-preview":"max-video-preview:-1"},"canonical":"https:\/\/www.wtz.de\/gasmotorenkonferenz\/stadt-dessau-rosslau\/","og_locale":"de_DE","og_type":"article","og_title":"Stadt Dessau-Rosslau - WTZ Gasmotorenkonferenz","og_description":"[vc_row full_width=&#8220;stretch_row&#8220; el_class=&#8220;wtz-responsive-indent wtz_row_indent_top&#8211;responsive&#8220;][vc_column][vc_column_text el_class=&#8220;wtz_title wtz_head&#8220;] STADT DESSAU RO\u00dfLAU [\/vc_column_text][vc_column_text el_class=&#8220;wtz-content&#8220;] Bauhaus-Jubil\u00e4um 2019 in Dessau [\/vc_column_text][vc_column_text el_class=&#8220;wtz-content&#8220;]Im Jahr 2019 feiert das Bauhaus 100-j\u00e4hriges Jubil\u00e4um. Erleben Sie in Dessau die industrielle Moderne der 1920er. Dessau-Ro\u00dflau ist eines der drei Oberzentren Sachsen-Anhalts und Wirtschafts- und Dienstleistungsmittelpunkt einer einzigartigen und identit\u00e4tspr\u00e4genden Impulsregion. Diese ist nicht nur der Ausgangspunkt... Artikel ansehen","og_url":"https:\/\/www.wtz.de\/gasmotorenkonferenz\/stadt-dessau-rosslau\/","og_site_name":"WTZ Gasmotorenkonferenz","article_modified_time":"2019-02-11T14:08:51+00:00","twitter_card":"summary_large_image","twitter_misc":{"Gesch\u00e4tzte Lesezeit":"1\u00a0Minute"},"schema":{"@context":"https:\/\/schema.org","@graph":[{"@type":"WebPage","@id":"https:\/\/www.wtz.de\/gasmotorenkonferenz\/stadt-dessau-rosslau\/","url":"https:\/\/www.wtz.de\/gasmotorenkonferenz\/stadt-dessau-rosslau\/","name":"Stadt Dessau-Rosslau - WTZ Gasmotorenkonferenz","isPartOf":{"@id":"https:\/\/www.wtz.de\/gasmotorenkonferenz\/en\/#website"},"datePublished":"2018-10-10T11:42:31+00:00","dateModified":"2019-02-11T14:08:51+00:00","breadcrumb":{"@id":"https:\/\/www.wtz.de\/gasmotorenkonferenz\/stadt-dessau-rosslau\/#breadcrumb"},"inLanguage":"de","potentialAction":[{"@type":"ReadAction","target":["https:\/\/www.wtz.de\/gasmotorenkonferenz\/stadt-dessau-rosslau\/"]}]},{"@type":"BreadcrumbList","@id":"https:\/\/www.wtz.de\/gasmotorenkonferenz\/stadt-dessau-rosslau\/#breadcrumb","itemListElement":[{"@type":"ListItem","position":1,"name":"Startseite","item":"https:\/\/www.wtz.de\/gasmotorenkonferenz\/"},{"@type":"ListItem","position":2,"name":"Stadt Dessau-Rosslau"}]},{"@type":"WebSite","@id":"https:\/\/www.wtz.de\/gasmotorenkonferenz\/en\/#website","url":"https:\/\/www.wtz.de\/gasmotorenkonferenz\/en\/","name":"WTZ Gasmotorenkonferenz","description":"Innovative Science and Research","potentialAction":[{"@type":"SearchAction","target":{"@type":"EntryPoint","urlTemplate":"https:\/\/www.wtz.de\/gasmotorenkonferenz\/en\/?s={search_term_string}"},"query-input":{"@type":"PropertyValueSpecification","valueRequired":true,"valueName":"search_term_string"}}],"inLanguage":"de"}]}},"acf":[],"featured_image_src":"","featured_image_src_square":false,"rbea_author_info":{"display_name":"wtzredaktion","author_link":"https:\/\/www.wtz.de\/gasmotorenkonferenz\/author\/bode\/"},"rbea_excerpt_info":"[vc_row full_width=&#8220;stretch_row&#8220; el_class=&#8220;wtz-responsive-indent wtz_row_indent_top&#8211;responsive&#8220;][vc_column][vc_column_text el_class=&#8220;wtz_title wtz_head&#8220;] STADT DESSAU RO\u00dfLAU [\/vc_column_text][vc_column_text el_class=&#8220;wtz-content&#8220;] Bauhaus-Jubil\u00e4um 2019 in Dessau [\/vc_column_text][vc_column_text el_class=&#8220;wtz-content&#8220;]Im Jahr 2019 feiert das Bauhaus 100-j\u00e4hriges Jubil\u00e4um. Erleben Sie in Dessau die industrielle Moderne der 1920er. Dessau-Ro\u00dflau ist eines der drei Oberzentren Sachsen-Anhalts und Wirtschafts- und Dienstleistungsmittelpunkt einer einzigartigen und identit\u00e4tspr\u00e4genden Impulsregion. Diese ist nicht nur der Ausgangspunkt... <a class=\"view-article\" href=\"https:\/\/www.wtz.de\/gasmotorenkonferenz\/stadt-dessau-rosslau\/\">Artikel ansehen<\/a>","_links":{"self":[{"href":"https:\/\/www.wtz.de\/gasmotorenkonferenz\/wp-json\/wp\/v2\/pages\/605","targetHints":{"allow":["GET"]}}],"collection":[{"href":"https:\/\/www.wtz.de\/gasmotorenkonferenz\/wp-json\/wp\/v2\/pages"}],"about":[{"href":"https:\/\/www.wtz.de\/gasmotorenkonferenz\/wp-json\/wp\/v2\/types\/page"}],"author":[{"embeddable":true,"href":"https:\/\/www.wtz.de\/gasmotorenkonferenz\/wp-json\/wp\/v2\/users\/10"}],"replies":[{"embeddable":true,"href":"https:\/\/www.wtz.de\/gasmotorenkonferenz\/wp-json\/wp\/v2\/comments?post=605"}],"version-history":[{"count":5,"href":"https:\/\/www.wtz.de\/gasmotorenkonferenz\/wp-json\/wp\/v2\/pages\/605\/revisions"}],"predecessor-version":[{"id":1778,"href":"https:\/\/www.wtz.de\/gasmotorenkonferenz\/wp-json\/wp\/v2\/pages\/605\/revisions\/1778"}],"wp:attachment":[{"href":"https:\/\/www.wtz.de\/gasmotorenkonferenz\/wp-json\/wp\/v2\/media?parent=605"}],"curies":[{"name":"wp","href":"https:\/\/api.w.org\/{rel}","templated":true}]}}