{"id":401,"date":"2018-10-02T16:21:36","date_gmt":"2018-10-02T14:21:36","guid":{"rendered":"http:\/\/dieselengine.de\/wtzneu\/gasmotorenkonferenz\/?page_id=401"},"modified":"2021-09-02T15:08:24","modified_gmt":"2021-09-02T13:08:24","slug":"widerrufsbelehrung","status":"publish","type":"page","link":"https:\/\/www.wtz.de\/shop\/widerrufsbelehrung\/","title":{"rendered":"Widerrufsbestimmungen"},"content":{"rendered":"<div class=\"wpb-content-wrapper\"><p>[vc_row full_width=&#8221;stretch_row&#8221; el_class=&#8221;wtz-responsive-indent wtz_row_indent_top&#8211;responsive&#8221;][vc_column][vc_column_text el_class=&#8221;wtz_title wtz_head&#8221;]<\/p>\n<h1 style=\"text-align: left;\"><strong>Widerrufsbestimmungen<\/strong><\/h1>\n<p>[\/vc_column_text][vc_column_text el_class=&#8221;wtz-content&#8221;]<strong>Widerrufsbelehrung, Widerrufsformular<\/strong><\/p>\n<p><strong>(1) Widerrufsrecht<\/strong><\/p>\n<p>Sie haben das Recht, binnen zehn Tagen ohne Angabe von Gr\u00fcnden diesen Vertrag zu widerrufen. Die Widerrufsfrist betr\u00e4gt zehn Tage ab dem Tag, an dem Sie oder ein von Ihnen benannter Dritter, der nicht der Bef\u00f6rderer ist, die Waren in Besitz genommen haben bzw. hat. Tagungstickets k\u00f6nnen nach den Bedingungen in\u00a0<strong>\u00a79\u00a0<\/strong>storniert werden.<\/p>\n<p>Um Ihr Widerrufsrecht auszu\u00fcben, m\u00fcssen Sie dem WTZ (WTZ Ro\u00dflau gGmbH, Telefax: 034901883 0, E-Mail:\u00a0<a class=\"mail-link\" data-enc-email=\"xbasreram[at]jgm.qr\" data-wpel-link=\"ignore\"><span id=\"eeb-93140-687457\">konferenz@wtz.de<\/span><\/a>) mittels einer eindeutigen Erkl\u00e4rung (z.B. ein mit der Post versandter Brief, Telefax oder E-Mail) \u00fcber Ihren Entschluss, diesen Vertrag zu widerrufen, informieren. Zur Wahrung der Widerrufsfrist reicht es aus, dass Sie die Mitteilung \u00fcber die Aus\u00fcbung des Widerrufsrechts vor Ablauf der Widerrufsfrist absenden.<\/p>\n<p><strong>Folgen des Widerrufs<\/strong><br \/>\nWenn Sie diesen Vertrag widerrufen, hat WTZ Ihnen alle Zahlungen, die WTZ von Ihnen erhalten hat, unverz\u00fcglich und sp\u00e4testens binnen vierzehn Tagen ab dem Tag zur\u00fcckzuzahlen, an dem die Mitteilung \u00fcber Ihren Widerruf dieses Vertrags bei WTZ eingegangen ist. F\u00fcr diese R\u00fcckzahlung verwenden wir dasselbe Zahlungsmittel, das Sie bei der urspr\u00fcnglichen Transaktion eingesetzt haben, es sei denn, mit Ihnen wurde ausdr\u00fccklich etwas anderes vereinbart; in keinem Fall werden Ihnen wegen dieser R\u00fcckzahlung Entgelte berechnet. K\u00f6rperliche Waren sind von Ihnen unverz\u00fcglich und sp\u00e4testens innerhalb von vierzehn Tagen an uns zur\u00fcckzusenden, gerechnet ab dem Tag, an dem Sie uns \u00fcber den Widerruf dieses Vertrages informiert haben. Die Frist gilt als eingehalten, wenn die Absendung der Ware innerhalb dieses Zeitraums erfolgt. Die Kosten der R\u00fccksendung werden nicht \u00fcbernommen. Sie m\u00fcssen f\u00fcr einen etwaigen Wertverlust der Waren nur aufkommen, wenn dieser Wertverlust auf einen zur Pr\u00fcfung der Beschaffenheit, Eigenschaften und Funktionsweise der Waren nicht notwendigen Umgang mit Ihnen zur\u00fcckzuf\u00fchren ist.<\/p>\n<p><strong>Ausschluss des Widerrufsrechts<\/strong><br \/>\nDas Widerrufsrecht besteht nicht bei Vertr\u00e4gen zur Lieferung von Waren, die nicht vorgefertigt sind und f\u00fcr deren Herstellung eine individuelle Auswahl oder Bestimmung durch den Verbraucher ma\u00dfgeblich ist oder die eindeutig auf die pers\u00f6nlichen Bed\u00fcrfnisse des Verbrauchers zugeschnitten sind.[\/vc_column_text][vc_empty_space][\/vc_column][\/vc_row]<\/p>\n<\/div>","protected":false},"excerpt":{"rendered":"[vc_row full_width=&#8221;stretch_row&#8221; el_class=&#8221;wtz-responsive-indent wtz_row_indent_top&#8211;responsive&#8221;][vc_column][vc_column_text el_class=&#8221;wtz_title wtz_head&#8221;] Widerrufsbestimmungen [\/vc_column_text][vc_column_text el_class=&#8221;wtz-content&#8221;]Widerrufsbelehrung, Widerrufsformular (1) Widerrufsrecht Sie haben das Recht, binnen zehn Tagen ohne Angabe von Gr\u00fcnden diesen Vertrag zu widerrufen. Die Widerrufsfrist betr\u00e4gt zehn Tage ab dem Tag, an dem Sie oder ein von Ihnen benannter Dritter, der nicht der Bef\u00f6rderer ist, die Waren in Besitz genommen haben&#8230; <p class=\"view-article-wrap\"><a class=\"view-article\" href=\"https:\/\/www.wtz.de\/shop\/widerrufsbelehrung\/\"><span>View Article<\/span><\/a><\/p>","protected":false},"author":10,"featured_media":0,"parent":0,"menu_order":0,"comment_status":"closed","ping_status":"closed","template":"","meta":{"_acf_changed":false,"_themeisle_gutenberg_block_has_review":false,"footnotes":""},"class_list":["post-401","page","type-page","status-publish","hentry"],"yoast_head":"<!-- This site is optimized with the Yoast SEO plugin v27.3 - https:\/\/yoast.com\/product\/yoast-seo-wordpress\/ -->\n<title>Widerrufsbestimmungen - WTZ Shop<\/title>\n<meta name=\"robots\" content=\"index, follow, max-snippet:-1, max-image-preview:large, max-video-preview:-1\" \/>\n<link rel=\"canonical\" href=\"https:\/\/www.wtz.de\/shop\/widerrufsbelehrung\/\" \/>\n<meta property=\"og:locale\" content=\"de_DE\" \/>\n<meta property=\"og:type\" content=\"article\" \/>\n<meta property=\"og:title\" content=\"Widerrufsbestimmungen - WTZ Shop\" \/>\n<meta property=\"og:description\" content=\"[vc_row full_width=&#8221;stretch_row&#8221; el_class=&#8221;wtz-responsive-indent wtz_row_indent_top&#8211;responsive&#8221;][vc_column][vc_column_text el_class=&#8221;wtz_title wtz_head&#8221;] Widerrufsbestimmungen [\/vc_column_text][vc_column_text el_class=&#8221;wtz-content&#8221;]Widerrufsbelehrung, Widerrufsformular (1) Widerrufsrecht Sie haben das Recht, binnen zehn Tagen ohne Angabe von Gr\u00fcnden diesen Vertrag zu widerrufen. Die Widerrufsfrist betr\u00e4gt zehn Tage ab dem Tag, an dem Sie oder ein von Ihnen benannter Dritter, der nicht der Bef\u00f6rderer ist, die Waren in Besitz genommen haben... View Article\" \/>\n<meta property=\"og:url\" content=\"https:\/\/www.wtz.de\/shop\/widerrufsbelehrung\/\" \/>\n<meta property=\"og:site_name\" content=\"WTZ Shop\" \/>\n<meta property=\"article:modified_time\" content=\"2021-09-02T13:08:24+00:00\" \/>\n<meta name=\"twitter:card\" content=\"summary_large_image\" \/>\n<meta name=\"twitter:label1\" content=\"Gesch\u00e4tzte Lesezeit\" \/>\n\t<meta name=\"twitter:data1\" content=\"2\u00a0Minuten\" \/>\n<script type=\"application\/ld+json\" class=\"yoast-schema-graph\">{\"@context\":\"https:\\\/\\\/schema.org\",\"@graph\":[{\"@type\":\"WebPage\",\"@id\":\"https:\\\/\\\/www.wtz.de\\\/shop\\\/widerrufsbelehrung\\\/\",\"url\":\"https:\\\/\\\/www.wtz.de\\\/shop\\\/widerrufsbelehrung\\\/\",\"name\":\"Widerrufsbestimmungen - WTZ Shop\",\"isPartOf\":{\"@id\":\"https:\\\/\\\/www.wtz.de\\\/shop\\\/#website\"},\"datePublished\":\"2018-10-02T14:21:36+00:00\",\"dateModified\":\"2021-09-02T13:08:24+00:00\",\"breadcrumb\":{\"@id\":\"https:\\\/\\\/www.wtz.de\\\/shop\\\/widerrufsbelehrung\\\/#breadcrumb\"},\"inLanguage\":\"de-DE-formal\",\"potentialAction\":[{\"@type\":\"ReadAction\",\"target\":[\"https:\\\/\\\/www.wtz.de\\\/shop\\\/widerrufsbelehrung\\\/\"]}]},{\"@type\":\"BreadcrumbList\",\"@id\":\"https:\\\/\\\/www.wtz.de\\\/shop\\\/widerrufsbelehrung\\\/#breadcrumb\",\"itemListElement\":[{\"@type\":\"ListItem\",\"position\":1,\"name\":\"Startseite\",\"item\":\"https:\\\/\\\/www.wtz.de\\\/shop\\\/\"},{\"@type\":\"ListItem\",\"position\":2,\"name\":\"Widerrufsbestimmungen\"}]},{\"@type\":\"WebSite\",\"@id\":\"https:\\\/\\\/www.wtz.de\\\/shop\\\/#website\",\"url\":\"https:\\\/\\\/www.wtz.de\\\/shop\\\/\",\"name\":\"WTZ Shop\",\"description\":\"Innovative Science and Research\",\"publisher\":{\"@id\":\"https:\\\/\\\/www.wtz.de\\\/shop\\\/#organization\"},\"potentialAction\":[{\"@type\":\"SearchAction\",\"target\":{\"@type\":\"EntryPoint\",\"urlTemplate\":\"https:\\\/\\\/www.wtz.de\\\/shop\\\/?s={search_term_string}\"},\"query-input\":{\"@type\":\"PropertyValueSpecification\",\"valueRequired\":true,\"valueName\":\"search_term_string\"}}],\"inLanguage\":\"de-DE-formal\"},{\"@type\":\"Organization\",\"@id\":\"https:\\\/\\\/www.wtz.de\\\/shop\\\/#organization\",\"name\":\"Wissenschaftlich-Technische Zentrum Ro\u00dflau\",\"url\":\"https:\\\/\\\/www.wtz.de\\\/shop\\\/\",\"logo\":{\"@type\":\"ImageObject\",\"inLanguage\":\"de-DE-formal\",\"@id\":\"https:\\\/\\\/www.wtz.de\\\/shop\\\/#\\\/schema\\\/logo\\\/image\\\/\",\"url\":\"https:\\\/\\\/www.wtz.de\\\/shop\\\/wp-content\\\/uploads\\\/sites\\\/6\\\/2021\\\/07\\\/WTZ-Logo-512px.png\",\"contentUrl\":\"https:\\\/\\\/www.wtz.de\\\/shop\\\/wp-content\\\/uploads\\\/sites\\\/6\\\/2021\\\/07\\\/WTZ-Logo-512px.png\",\"width\":512,\"height\":512,\"caption\":\"Wissenschaftlich-Technische Zentrum Ro\u00dflau\"},\"image\":{\"@id\":\"https:\\\/\\\/www.wtz.de\\\/shop\\\/#\\\/schema\\\/logo\\\/image\\\/\"}}]}<\/script>\n<!-- \/ Yoast SEO plugin. -->","yoast_head_json":{"title":"Widerrufsbestimmungen - WTZ Shop","robots":{"index":"index","follow":"follow","max-snippet":"max-snippet:-1","max-image-preview":"max-image-preview:large","max-video-preview":"max-video-preview:-1"},"canonical":"https:\/\/www.wtz.de\/shop\/widerrufsbelehrung\/","og_locale":"de_DE","og_type":"article","og_title":"Widerrufsbestimmungen - WTZ Shop","og_description":"[vc_row full_width=&#8221;stretch_row&#8221; el_class=&#8221;wtz-responsive-indent wtz_row_indent_top&#8211;responsive&#8221;][vc_column][vc_column_text el_class=&#8221;wtz_title wtz_head&#8221;] Widerrufsbestimmungen [\/vc_column_text][vc_column_text el_class=&#8221;wtz-content&#8221;]Widerrufsbelehrung, Widerrufsformular (1) Widerrufsrecht Sie haben das Recht, binnen zehn Tagen ohne Angabe von Gr\u00fcnden diesen Vertrag zu widerrufen. Die Widerrufsfrist betr\u00e4gt zehn Tage ab dem Tag, an dem Sie oder ein von Ihnen benannter Dritter, der nicht der Bef\u00f6rderer ist, die Waren in Besitz genommen haben... View Article","og_url":"https:\/\/www.wtz.de\/shop\/widerrufsbelehrung\/","og_site_name":"WTZ Shop","article_modified_time":"2021-09-02T13:08:24+00:00","twitter_card":"summary_large_image","twitter_misc":{"Gesch\u00e4tzte Lesezeit":"2\u00a0Minuten"},"schema":{"@context":"https:\/\/schema.org","@graph":[{"@type":"WebPage","@id":"https:\/\/www.wtz.de\/shop\/widerrufsbelehrung\/","url":"https:\/\/www.wtz.de\/shop\/widerrufsbelehrung\/","name":"Widerrufsbestimmungen - WTZ Shop","isPartOf":{"@id":"https:\/\/www.wtz.de\/shop\/#website"},"datePublished":"2018-10-02T14:21:36+00:00","dateModified":"2021-09-02T13:08:24+00:00","breadcrumb":{"@id":"https:\/\/www.wtz.de\/shop\/widerrufsbelehrung\/#breadcrumb"},"inLanguage":"de-DE-formal","potentialAction":[{"@type":"ReadAction","target":["https:\/\/www.wtz.de\/shop\/widerrufsbelehrung\/"]}]},{"@type":"BreadcrumbList","@id":"https:\/\/www.wtz.de\/shop\/widerrufsbelehrung\/#breadcrumb","itemListElement":[{"@type":"ListItem","position":1,"name":"Startseite","item":"https:\/\/www.wtz.de\/shop\/"},{"@type":"ListItem","position":2,"name":"Widerrufsbestimmungen"}]},{"@type":"WebSite","@id":"https:\/\/www.wtz.de\/shop\/#website","url":"https:\/\/www.wtz.de\/shop\/","name":"WTZ Shop","description":"Innovative Science and Research","publisher":{"@id":"https:\/\/www.wtz.de\/shop\/#organization"},"potentialAction":[{"@type":"SearchAction","target":{"@type":"EntryPoint","urlTemplate":"https:\/\/www.wtz.de\/shop\/?s={search_term_string}"},"query-input":{"@type":"PropertyValueSpecification","valueRequired":true,"valueName":"search_term_string"}}],"inLanguage":"de-DE-formal"},{"@type":"Organization","@id":"https:\/\/www.wtz.de\/shop\/#organization","name":"Wissenschaftlich-Technische Zentrum Ro\u00dflau","url":"https:\/\/www.wtz.de\/shop\/","logo":{"@type":"ImageObject","inLanguage":"de-DE-formal","@id":"https:\/\/www.wtz.de\/shop\/#\/schema\/logo\/image\/","url":"https:\/\/www.wtz.de\/shop\/wp-content\/uploads\/sites\/6\/2021\/07\/WTZ-Logo-512px.png","contentUrl":"https:\/\/www.wtz.de\/shop\/wp-content\/uploads\/sites\/6\/2021\/07\/WTZ-Logo-512px.png","width":512,"height":512,"caption":"Wissenschaftlich-Technische Zentrum Ro\u00dflau"},"image":{"@id":"https:\/\/www.wtz.de\/shop\/#\/schema\/logo\/image\/"}}]}},"acf":[],"featured_image_src":"","featured_image_src_square":false,"rbea_author_info":{"display_name":"wtzredaktion","author_link":"https:\/\/www.wtz.de\/shop\/author\/bode\/"},"rbea_excerpt_info":"[vc_row full_width=&#8221;stretch_row&#8221; el_class=&#8221;wtz-responsive-indent wtz_row_indent_top&#8211;responsive&#8221;][vc_column][vc_column_text el_class=&#8221;wtz_title wtz_head&#8221;] Widerrufsbestimmungen [\/vc_column_text][vc_column_text el_class=&#8221;wtz-content&#8221;]Widerrufsbelehrung, Widerrufsformular (1) Widerrufsrecht Sie haben das Recht, binnen zehn Tagen ohne Angabe von Gr\u00fcnden diesen Vertrag zu widerrufen. Die Widerrufsfrist betr\u00e4gt zehn Tage ab dem Tag, an dem Sie oder ein von Ihnen benannter Dritter, der nicht der Bef\u00f6rderer ist, die Waren in Besitz genommen haben... <p class=\"view-article-wrap\"><a class=\"view-article\" href=\"https:\/\/www.wtz.de\/shop\/widerrufsbelehrung\/\"><span>View Article<\/span><\/a><\/p>","_links":{"self":[{"href":"https:\/\/www.wtz.de\/shop\/wp-json\/wp\/v2\/pages\/401","targetHints":{"allow":["GET"]}}],"collection":[{"href":"https:\/\/www.wtz.de\/shop\/wp-json\/wp\/v2\/pages"}],"about":[{"href":"https:\/\/www.wtz.de\/shop\/wp-json\/wp\/v2\/types\/page"}],"author":[{"embeddable":true,"href":"https:\/\/www.wtz.de\/shop\/wp-json\/wp\/v2\/users\/10"}],"replies":[{"embeddable":true,"href":"https:\/\/www.wtz.de\/shop\/wp-json\/wp\/v2\/comments?post=401"}],"version-history":[{"count":7,"href":"https:\/\/www.wtz.de\/shop\/wp-json\/wp\/v2\/pages\/401\/revisions"}],"predecessor-version":[{"id":3911,"href":"https:\/\/www.wtz.de\/shop\/wp-json\/wp\/v2\/pages\/401\/revisions\/3911"}],"wp:attachment":[{"href":"https:\/\/www.wtz.de\/shop\/wp-json\/wp\/v2\/media?parent=401"}],"curies":[{"name":"wp","href":"https:\/\/api.w.org\/{rel}","templated":true}]}}