{"id":6904,"date":"2025-08-29T10:03:40","date_gmt":"2025-08-29T08:03:40","guid":{"rendered":"https:\/\/www.wtz.de\/shop\/?post_type=product&#038;p=6904"},"modified":"2026-04-14T12:06:59","modified_gmt":"2026-04-14T10:06:59","slug":"gasmotoren-konferenz-2026-ausstellungsflaeche","status":"publish","type":"product","link":"https:\/\/www.wtz.de\/shop\/produkt\/gasmotoren-konferenz-2026-ausstellungsflaeche\/","title":{"rendered":"Gasmotoren-Konferenz 2026 Ausstellungsfl\u00e4che"},"content":{"rendered":"<div class=\"wpb-content-wrapper\"><p>[vc_row][vc_column][vc_column_text]<\/p>\n<div class=\"wpb_text_column wpb_content_element wtz-content\">\n<div class=\"wpb_wrapper\">\n<p>Pr\u00e4sentieren Sie Ihr Unternehmen auf der Fachausstellung!<br \/>\nNutzen Sie diesen Branchentreffpunkt zu einem fachkundigen Austausch.<br \/>\nF\u00fcr die 14. Dessauer Gasmotoren-Konferenz buchen Sie Ihre Ausstellungsfl\u00e4che bitte bis sp\u00e4testens 14. April 2026.<\/p>\n<p>Sie k\u00f6nnen sich am unten beigef\u00fcgten Ausstellerplan orientieren und hier einen freien Platz w\u00e4hlen. Bitte geben Sie f\u00fcr den Wunschplatz die entsprechende <strong>Platznummer<\/strong> bei Ihrer Bestellung mit an. Falls dieser Platz bereits gebucht ist, wird dieser als rot angezeigt. Wir setzen uns ggf. mit Ihnen in Verbindung.<\/p>\n<p>F\u00fcr die Teilnahme an der Abendveranstaltung buchen Sie bitte die Option &#8220;&#8230;.. + Abendveranstaltung&#8221; dazu.<\/p>\n<\/div>\n<p><strong>WICHTIG! Mit diesem Ticket ist der Aussteller NICHT berechtigt an den Vortr\u00e4gen teil zu nehmen. Ist die Teilnahme gew\u00fcnscht, bitten wir darum, zus\u00e4tzlich ein Teilnehmer-Ticket zu buchen. <\/strong><\/p>\n<\/div>\n<p><strong>Informationen zum Get Together:<\/strong><\/p>\n<p><strong>Wann:\u00a0\u00a0\u00a0\u00a0\u00a0 Dienstag, 05. Mai 2026, ab 19:00 Uhr<\/strong><\/p>\n<p><strong>Wo:\u00a0\u00a0\u00a0\u00a0\u00a0\u00a0\u00a0\u00a0\u00a0\u00a0 Radisson Blu F\u00fcrst Leopold Hotel Dessau, Foyer<\/strong><\/p>\n<p>&nbsp;<\/p>\n<div class=\"wpb_text_column wpb_content_element wtz-content\">\n<div class=\"wpb_wrapper\">\n<p>F\u00fcr Abstimmungen im Vorfeld und die Buchung weiterer Quadratmeter wenden Sie sich bitte an:<br \/>\n<strong>Frau Pakendorf<\/strong><br \/>\nWTZ Ro\u00dflau gGmbH<br \/>\nTel.: +49 34901 883 157<br \/>\nE-Mail: <a>pakendorf@wtz.de<\/a><\/p>\n<\/div>\n<\/div>\n<p>Weitere Informationen finden Sie auf unserer Tagungs-Website:[\/vc_column_text][vc_column_text]<\/p>\n<div class=\"btn-wrapper\"><a class=\"wtz-button\" href=\"https:\/\/www.wtz.de\/gasmotorenkonferenz\/\" target=\"_blank\" rel=\"noopener\">Gasmotoren-Konferenz 2026<\/a><\/div>\n<p>[\/vc_column_text][\/vc_column][\/vc_row]<\/p>\n<\/div>","protected":false},"excerpt":{"rendered":"[vc_row][vc_column][vc_column_text] Pr\u00e4sentieren Sie Ihr Unternehmen auf der Fachausstellung! Nutzen Sie diesen Branchentreffpunkt zu einem fachkundigen Austausch. F\u00fcr die 14. Dessauer Gasmotoren-Konferenz buchen Sie Ihre Ausstellungsfl\u00e4che bitte bis sp\u00e4testens 14. April 2026. Sie k\u00f6nnen sich am unten beigef\u00fcgten Ausstellerplan orientieren und hier einen freien Platz w\u00e4hlen. Bitte geben Sie f\u00fcr den Wunschplatz die entsprechende Platznummer bei&#8230; <p class=\"view-article-wrap\"><a class=\"view-article\" href=\"https:\/\/www.wtz.de\/shop\/produkt\/gasmotoren-konferenz-2026-ausstellungsflaeche\/\"><span>View Article<\/span><\/a><\/p>","protected":false},"author":198,"featured_media":7307,"template":"","meta":{"_acf_changed":false,"_themeisle_gutenberg_block_has_review":false},"product_brand":[],"product_cat":[162],"product_tag":[],"class_list":{"0":"post-6904","1":"product","2":"type-product","3":"status-publish","4":"has-post-thumbnail","6":"product_cat-eintrittskarte","8":"first","9":"instock","10":"taxable","11":"shipping-taxable","12":"purchasable","13":"product-type-variable","14":"has-default-attributes"},"yoast_head":"<!-- This site is optimized with the Yoast SEO plugin v27.3 - https:\/\/yoast.com\/product\/yoast-seo-wordpress\/ -->\n<title>Gasmotoren-Konferenz 2026 Ausstellungsfl\u00e4che - WTZ Shop<\/title>\n<meta name=\"robots\" content=\"index, follow, max-snippet:-1, max-image-preview:large, max-video-preview:-1\" \/>\n<link rel=\"canonical\" href=\"https:\/\/www.wtz.de\/shop\/produkt\/gasmotoren-konferenz-2026-ausstellungsflaeche\/\" \/>\n<meta property=\"og:locale\" content=\"de_DE\" \/>\n<meta property=\"og:type\" content=\"article\" \/>\n<meta property=\"og:title\" content=\"Gasmotoren-Konferenz 2026 Ausstellungsfl\u00e4che - WTZ Shop\" \/>\n<meta property=\"og:description\" content=\"[vc_row][vc_column][vc_column_text] Pr\u00e4sentieren Sie Ihr Unternehmen auf der Fachausstellung! Nutzen Sie diesen Branchentreffpunkt zu einem fachkundigen Austausch. F\u00fcr die 14. Dessauer Gasmotoren-Konferenz buchen Sie Ihre Ausstellungsfl\u00e4che bitte bis sp\u00e4testens 14. April 2026. Sie k\u00f6nnen sich am unten beigef\u00fcgten Ausstellerplan orientieren und hier einen freien Platz w\u00e4hlen. Bitte geben Sie f\u00fcr den Wunschplatz die entsprechende Platznummer bei... View Article\" \/>\n<meta property=\"og:url\" content=\"https:\/\/www.wtz.de\/shop\/produkt\/gasmotoren-konferenz-2026-ausstellungsflaeche\/\" \/>\n<meta property=\"og:site_name\" content=\"WTZ Shop\" \/>\n<meta property=\"article:modified_time\" content=\"2026-04-14T10:06:59+00:00\" \/>\n<meta property=\"og:image\" content=\"https:\/\/www.wtz.de\/shop\/wp-content\/uploads\/sites\/6\/Golfpark_Lageplan_V3.jpg\" \/>\n\t<meta property=\"og:image:width\" content=\"1280\" \/>\n\t<meta property=\"og:image:height\" content=\"720\" \/>\n\t<meta property=\"og:image:type\" content=\"image\/jpeg\" \/>\n<meta name=\"twitter:card\" content=\"summary_large_image\" \/>\n<meta name=\"twitter:label1\" content=\"Gesch\u00e4tzte Lesezeit\" \/>\n\t<meta name=\"twitter:data1\" content=\"2\u00a0Minuten\" \/>\n<script type=\"application\/ld+json\" class=\"yoast-schema-graph\">{\"@context\":\"https:\\\/\\\/schema.org\",\"@graph\":[{\"@type\":\"WebPage\",\"@id\":\"https:\\\/\\\/www.wtz.de\\\/shop\\\/produkt\\\/gasmotoren-konferenz-2026-ausstellungsflaeche\\\/\",\"url\":\"https:\\\/\\\/www.wtz.de\\\/shop\\\/produkt\\\/gasmotoren-konferenz-2026-ausstellungsflaeche\\\/\",\"name\":\"Gasmotoren-Konferenz 2026 Ausstellungsfl\u00e4che - WTZ Shop\",\"isPartOf\":{\"@id\":\"https:\\\/\\\/www.wtz.de\\\/shop\\\/#website\"},\"primaryImageOfPage\":{\"@id\":\"https:\\\/\\\/www.wtz.de\\\/shop\\\/produkt\\\/gasmotoren-konferenz-2026-ausstellungsflaeche\\\/#primaryimage\"},\"image\":{\"@id\":\"https:\\\/\\\/www.wtz.de\\\/shop\\\/produkt\\\/gasmotoren-konferenz-2026-ausstellungsflaeche\\\/#primaryimage\"},\"thumbnailUrl\":\"https:\\\/\\\/www.wtz.de\\\/shop\\\/wp-content\\\/uploads\\\/sites\\\/6\\\/Golfpark_Lageplan_V3.jpg\",\"datePublished\":\"2025-08-29T08:03:40+00:00\",\"dateModified\":\"2026-04-14T10:06:59+00:00\",\"breadcrumb\":{\"@id\":\"https:\\\/\\\/www.wtz.de\\\/shop\\\/produkt\\\/gasmotoren-konferenz-2026-ausstellungsflaeche\\\/#breadcrumb\"},\"inLanguage\":\"de-DE-formal\",\"potentialAction\":[{\"@type\":\"ReadAction\",\"target\":[\"https:\\\/\\\/www.wtz.de\\\/shop\\\/produkt\\\/gasmotoren-konferenz-2026-ausstellungsflaeche\\\/\"]}]},{\"@type\":\"ImageObject\",\"inLanguage\":\"de-DE-formal\",\"@id\":\"https:\\\/\\\/www.wtz.de\\\/shop\\\/produkt\\\/gasmotoren-konferenz-2026-ausstellungsflaeche\\\/#primaryimage\",\"url\":\"https:\\\/\\\/www.wtz.de\\\/shop\\\/wp-content\\\/uploads\\\/sites\\\/6\\\/Golfpark_Lageplan_V3.jpg\",\"contentUrl\":\"https:\\\/\\\/www.wtz.de\\\/shop\\\/wp-content\\\/uploads\\\/sites\\\/6\\\/Golfpark_Lageplan_V3.jpg\",\"width\":1280,\"height\":720},{\"@type\":\"BreadcrumbList\",\"@id\":\"https:\\\/\\\/www.wtz.de\\\/shop\\\/produkt\\\/gasmotoren-konferenz-2026-ausstellungsflaeche\\\/#breadcrumb\",\"itemListElement\":[{\"@type\":\"ListItem\",\"position\":1,\"name\":\"Startseite\",\"item\":\"https:\\\/\\\/www.wtz.de\\\/shop\\\/\"},{\"@type\":\"ListItem\",\"position\":2,\"name\":\"Gasmotoren-Konferenz 2026 Ausstellungsfl\u00e4che\"}]},{\"@type\":\"WebSite\",\"@id\":\"https:\\\/\\\/www.wtz.de\\\/shop\\\/#website\",\"url\":\"https:\\\/\\\/www.wtz.de\\\/shop\\\/\",\"name\":\"WTZ Shop\",\"description\":\"Innovative Science and Research\",\"publisher\":{\"@id\":\"https:\\\/\\\/www.wtz.de\\\/shop\\\/#organization\"},\"potentialAction\":[{\"@type\":\"SearchAction\",\"target\":{\"@type\":\"EntryPoint\",\"urlTemplate\":\"https:\\\/\\\/www.wtz.de\\\/shop\\\/?s={search_term_string}\"},\"query-input\":{\"@type\":\"PropertyValueSpecification\",\"valueRequired\":true,\"valueName\":\"search_term_string\"}}],\"inLanguage\":\"de-DE-formal\"},{\"@type\":\"Organization\",\"@id\":\"https:\\\/\\\/www.wtz.de\\\/shop\\\/#organization\",\"name\":\"Wissenschaftlich-Technische Zentrum Ro\u00dflau\",\"url\":\"https:\\\/\\\/www.wtz.de\\\/shop\\\/\",\"logo\":{\"@type\":\"ImageObject\",\"inLanguage\":\"de-DE-formal\",\"@id\":\"https:\\\/\\\/www.wtz.de\\\/shop\\\/#\\\/schema\\\/logo\\\/image\\\/\",\"url\":\"https:\\\/\\\/www.wtz.de\\\/shop\\\/wp-content\\\/uploads\\\/sites\\\/6\\\/2021\\\/07\\\/WTZ-Logo-512px.png\",\"contentUrl\":\"https:\\\/\\\/www.wtz.de\\\/shop\\\/wp-content\\\/uploads\\\/sites\\\/6\\\/2021\\\/07\\\/WTZ-Logo-512px.png\",\"width\":512,\"height\":512,\"caption\":\"Wissenschaftlich-Technische Zentrum Ro\u00dflau\"},\"image\":{\"@id\":\"https:\\\/\\\/www.wtz.de\\\/shop\\\/#\\\/schema\\\/logo\\\/image\\\/\"}}]}<\/script>\n<!-- \/ Yoast SEO plugin. -->","yoast_head_json":{"title":"Gasmotoren-Konferenz 2026 Ausstellungsfl\u00e4che - WTZ Shop","robots":{"index":"index","follow":"follow","max-snippet":"max-snippet:-1","max-image-preview":"max-image-preview:large","max-video-preview":"max-video-preview:-1"},"canonical":"https:\/\/www.wtz.de\/shop\/produkt\/gasmotoren-konferenz-2026-ausstellungsflaeche\/","og_locale":"de_DE","og_type":"article","og_title":"Gasmotoren-Konferenz 2026 Ausstellungsfl\u00e4che - WTZ Shop","og_description":"[vc_row][vc_column][vc_column_text] Pr\u00e4sentieren Sie Ihr Unternehmen auf der Fachausstellung! Nutzen Sie diesen Branchentreffpunkt zu einem fachkundigen Austausch. F\u00fcr die 14. Dessauer Gasmotoren-Konferenz buchen Sie Ihre Ausstellungsfl\u00e4che bitte bis sp\u00e4testens 14. April 2026. Sie k\u00f6nnen sich am unten beigef\u00fcgten Ausstellerplan orientieren und hier einen freien Platz w\u00e4hlen. Bitte geben Sie f\u00fcr den Wunschplatz die entsprechende Platznummer bei... View Article","og_url":"https:\/\/www.wtz.de\/shop\/produkt\/gasmotoren-konferenz-2026-ausstellungsflaeche\/","og_site_name":"WTZ Shop","article_modified_time":"2026-04-14T10:06:59+00:00","og_image":[{"width":1280,"height":720,"url":"https:\/\/www.wtz.de\/shop\/wp-content\/uploads\/sites\/6\/Golfpark_Lageplan_V3.jpg","type":"image\/jpeg"}],"twitter_card":"summary_large_image","twitter_misc":{"Gesch\u00e4tzte Lesezeit":"2\u00a0Minuten"},"schema":{"@context":"https:\/\/schema.org","@graph":[{"@type":"WebPage","@id":"https:\/\/www.wtz.de\/shop\/produkt\/gasmotoren-konferenz-2026-ausstellungsflaeche\/","url":"https:\/\/www.wtz.de\/shop\/produkt\/gasmotoren-konferenz-2026-ausstellungsflaeche\/","name":"Gasmotoren-Konferenz 2026 Ausstellungsfl\u00e4che - WTZ Shop","isPartOf":{"@id":"https:\/\/www.wtz.de\/shop\/#website"},"primaryImageOfPage":{"@id":"https:\/\/www.wtz.de\/shop\/produkt\/gasmotoren-konferenz-2026-ausstellungsflaeche\/#primaryimage"},"image":{"@id":"https:\/\/www.wtz.de\/shop\/produkt\/gasmotoren-konferenz-2026-ausstellungsflaeche\/#primaryimage"},"thumbnailUrl":"https:\/\/www.wtz.de\/shop\/wp-content\/uploads\/sites\/6\/Golfpark_Lageplan_V3.jpg","datePublished":"2025-08-29T08:03:40+00:00","dateModified":"2026-04-14T10:06:59+00:00","breadcrumb":{"@id":"https:\/\/www.wtz.de\/shop\/produkt\/gasmotoren-konferenz-2026-ausstellungsflaeche\/#breadcrumb"},"inLanguage":"de-DE-formal","potentialAction":[{"@type":"ReadAction","target":["https:\/\/www.wtz.de\/shop\/produkt\/gasmotoren-konferenz-2026-ausstellungsflaeche\/"]}]},{"@type":"ImageObject","inLanguage":"de-DE-formal","@id":"https:\/\/www.wtz.de\/shop\/produkt\/gasmotoren-konferenz-2026-ausstellungsflaeche\/#primaryimage","url":"https:\/\/www.wtz.de\/shop\/wp-content\/uploads\/sites\/6\/Golfpark_Lageplan_V3.jpg","contentUrl":"https:\/\/www.wtz.de\/shop\/wp-content\/uploads\/sites\/6\/Golfpark_Lageplan_V3.jpg","width":1280,"height":720},{"@type":"BreadcrumbList","@id":"https:\/\/www.wtz.de\/shop\/produkt\/gasmotoren-konferenz-2026-ausstellungsflaeche\/#breadcrumb","itemListElement":[{"@type":"ListItem","position":1,"name":"Startseite","item":"https:\/\/www.wtz.de\/shop\/"},{"@type":"ListItem","position":2,"name":"Gasmotoren-Konferenz 2026 Ausstellungsfl\u00e4che"}]},{"@type":"WebSite","@id":"https:\/\/www.wtz.de\/shop\/#website","url":"https:\/\/www.wtz.de\/shop\/","name":"WTZ Shop","description":"Innovative Science and Research","publisher":{"@id":"https:\/\/www.wtz.de\/shop\/#organization"},"potentialAction":[{"@type":"SearchAction","target":{"@type":"EntryPoint","urlTemplate":"https:\/\/www.wtz.de\/shop\/?s={search_term_string}"},"query-input":{"@type":"PropertyValueSpecification","valueRequired":true,"valueName":"search_term_string"}}],"inLanguage":"de-DE-formal"},{"@type":"Organization","@id":"https:\/\/www.wtz.de\/shop\/#organization","name":"Wissenschaftlich-Technische Zentrum Ro\u00dflau","url":"https:\/\/www.wtz.de\/shop\/","logo":{"@type":"ImageObject","inLanguage":"de-DE-formal","@id":"https:\/\/www.wtz.de\/shop\/#\/schema\/logo\/image\/","url":"https:\/\/www.wtz.de\/shop\/wp-content\/uploads\/sites\/6\/2021\/07\/WTZ-Logo-512px.png","contentUrl":"https:\/\/www.wtz.de\/shop\/wp-content\/uploads\/sites\/6\/2021\/07\/WTZ-Logo-512px.png","width":512,"height":512,"caption":"Wissenschaftlich-Technische Zentrum Ro\u00dflau"},"image":{"@id":"https:\/\/www.wtz.de\/shop\/#\/schema\/logo\/image\/"}}]}},"acf":[],"_links":{"self":[{"href":"https:\/\/www.wtz.de\/shop\/wp-json\/wp\/v2\/product\/6904","targetHints":{"allow":["GET"]}}],"collection":[{"href":"https:\/\/www.wtz.de\/shop\/wp-json\/wp\/v2\/product"}],"about":[{"href":"https:\/\/www.wtz.de\/shop\/wp-json\/wp\/v2\/types\/product"}],"author":[{"embeddable":true,"href":"https:\/\/www.wtz.de\/shop\/wp-json\/wp\/v2\/users\/198"}],"wp:featuredmedia":[{"embeddable":true,"href":"https:\/\/www.wtz.de\/shop\/wp-json\/wp\/v2\/media\/7307"}],"wp:attachment":[{"href":"https:\/\/www.wtz.de\/shop\/wp-json\/wp\/v2\/media?parent=6904"}],"wp:term":[{"taxonomy":"product_brand","embeddable":true,"href":"https:\/\/www.wtz.de\/shop\/wp-json\/wp\/v2\/product_brand?post=6904"},{"taxonomy":"product_cat","embeddable":true,"href":"https:\/\/www.wtz.de\/shop\/wp-json\/wp\/v2\/product_cat?post=6904"},{"taxonomy":"product_tag","embeddable":true,"href":"https:\/\/www.wtz.de\/shop\/wp-json\/wp\/v2\/product_tag?post=6904"}],"curies":[{"name":"wp","href":"https:\/\/api.w.org\/{rel}","templated":true}]}}